{"id":86,"date":"2021-03-04T12:48:34","date_gmt":"2021-03-04T12:48:34","guid":{"rendered":"http:\/\/www.theologicka-revue.cz\/?page_id=86"},"modified":"2022-08-25T13:11:44","modified_gmt":"2022-08-25T13:11:44","slug":"o-casopisu","status":"publish","type":"page","link":"https:\/\/www.theologicka-revue.cz\/","title":{"rendered":"O \u010dasopisu"},"content":{"rendered":"\n<figure class=\"wp-block-image alignwide size-large is-style-default\"><img loading=\"lazy\" width=\"1024\" height=\"273\" src=\"https:\/\/www.theologicka-revue.cz\/wp-content\/uploads\/2021\/03\/banner-wordpress-dotextu-1024x273.jpg\" alt=\"\" class=\"wp-image-155\" srcset=\"https:\/\/www.theologicka-revue.cz\/wp-content\/uploads\/2021\/03\/banner-wordpress-dotextu-1024x273.jpg 1024w, https:\/\/www.theologicka-revue.cz\/wp-content\/uploads\/2021\/03\/banner-wordpress-dotextu-300x80.jpg 300w, https:\/\/www.theologicka-revue.cz\/wp-content\/uploads\/2021\/03\/banner-wordpress-dotextu-768x205.jpg 768w, https:\/\/www.theologicka-revue.cz\/wp-content\/uploads\/2021\/03\/banner-wordpress-dotextu-1536x410.jpg 1536w, https:\/\/www.theologicka-revue.cz\/wp-content\/uploads\/2021\/03\/banner-wordpress-dotextu.jpg 1750w\" sizes=\"(max-width: 1024px) 100vw, 1024px\" \/><\/figure>\n\n\n<p align=\"justify\"><strong>THEOLOGICK\u00c1 REVUE<\/strong> vy\u0161la poprv\u00e9 v&nbsp;roce 1929, kdy byla vyd\u00e1na \u00fast\u0159ed\u00edm c\u00edrkve \u010deskoslovensk\u00e9 pod p\u016fvodn\u00edm n\u00e1zvem N\u00c1BO\u017dENSK\u00c1 REVUE \u010cESKOSLOVENSK\u00c9 C\u00cdRKVE a role \u0161\u00e9fredaktora se ujal profesor novoz\u00e1konn\u00ed v\u011bdy PhDr. et ThDr. Franti\u0161ek Kov\u00e1\u0159. V&nbsp;\u00favodu prvn\u00edho \u010d\u00edsla lze, mimo jin\u00e9, \u010d\u00edst:<\/p>\n<p><em>\u201ePrvn\u00ed valn\u00fd sjezd deleg\u00e1t\u016f \u010deskoslovensk\u00e9 c\u00edrkve, konan\u00fd v&nbsp;prv\u00e9m v\u00fdro\u010d\u00ed zalo\u017een\u00ed c\u00edrkve 8. a 9. ledna 1921 v&nbsp;Praze, se usnesl tak\u00e9, aby byla vyd\u00e1v\u00e1na n\u00e1bo\u017eensk\u00e1 revue, d\u00e1le aby byla vyd\u00e1v\u00e1na knihovna n\u00e1bo\u017eensk\u00fdch a theologick\u00fdch spis\u016f a kone\u010dn\u011b, aby bylo upraveno theologick\u00e9 studium na\u0161\u00ed c\u00edrkve. <\/em><\/p>\n<p><em>\u2026\u00dakolem revue jest, uve\u0159ej\u0148ovati odborn\u00e9 \u010dl\u00e1nky o ot\u00e1zk\u00e1ch, d\u016fle\u017eit\u00fdch pro vnit\u0159n\u00ed v\u00fdvoj, ideovou a my\u0161lenkovou pr\u00e1ci c\u00edrkve a t\u00edm i pro posl\u00e1n\u00ed c\u00edrkve v&nbsp;na\u0161em n\u00e1rod\u011b: budovati \u017eivot v&nbsp;\u010deskoslovensk\u00e9m n\u00e1rod\u011b, soukrom\u00fd i ve\u0159ejn\u00fd, na n\u00e1bo\u017eensk\u00e9m z\u00e1klad\u011b a tvo\u0159iti n\u00e1bo\u017eenskou kulturu \u010deskoslovenskou. <\/em><\/p>\n<p><em>\u2026Je tak\u00e9 d\u016fle\u017eito a pro my\u0161lenkovou tvorbu n\u00e1bo\u017eenskou nutno, zn\u00e1ti, co se p\u00ed\u0161e a tiskne, tvorbu n\u00e1bo\u017eenskou, filosofickou, v\u011bdeckou, um\u011bleckou, pokud m\u00e1 v\u00fdznam pro na\u0161e d\u00edlo a zauj\u00edmati k&nbsp;n\u00ed stanovisko. I to chce revue \u010diniti.\u201c<\/em><\/p>\n<p>(V Praze v&nbsp;dubnu 1929. Redakce.)<\/p>\n<p>Takto nastavenou linii \u010dasopis p\u011bstuje v&nbsp;cel\u00e9 historii sv\u00e9ho vyd\u00e1v\u00e1n\u00ed. Je pochopiteln\u00e9, \u017ee se tato linie b\u011bhem \u010dasu up\u0159es\u0148ovala. N\u00e1zev revue se v&nbsp;pr\u016fb\u011bhu dvac\u00e1t\u00e9ho stolet\u00ed dvakr\u00e1t zm\u011bnil. Poprv\u00e9 v&nbsp;roce 1968, kdy byla vyd\u00e1v\u00e1na pod n\u00e1zvem THEOLOGICK\u00c1 REVUE C\u010cS(H). V&nbsp;roce 1991 p\u0159evzala jej\u00ed vyd\u00e1v\u00e1n\u00ed Husitsk\u00e1 teologick\u00e1 fakulta Univerzity Karlovy v&nbsp;Praze a n\u00e1zev revue se zm\u011bnil podruh\u00e9. Stala se akademick\u00fdm \u010dasopisem, m\u00e1 ale \u0161irok\u00fd p\u0159esah sm\u011brem k&nbsp;aplikovan\u00e9 v\u011bd\u011b. \u010casopis naleznete pod zkr\u00e1cen\u00fdm n\u00e1zvem THEOLOGICK\u00c1 REVUE. Je aktu\u00e1ln\u00ed a \u017eiv\u011b reaguje na&nbsp;pot\u0159eby sou\u010dasn\u00e9 v\u011bdy a spole\u010dnosti.<\/p>\n<p><strong>THEOLOGICK\u00c1 REVUE<\/strong> vych\u00e1z\u00ed \u010dty\u0159ikr\u00e1t ro\u010dn\u011b. Je za\u0159azena do <a href=\"https:\/\/www.vyzkum.cz\/FrontClanek.aspx?idsekce=733439&amp;ad=1&amp;attid=777592\" target=\"_blank\" rel=\"noopener noreferrer\">Seznamu recenzovan\u00fdch neimpaktovan\u00fdch periodik<\/a> vyd\u00e1van\u00fdch v&nbsp;\u010cesk\u00e9 republice a od roku 2019 je za\u0159azena v datab\u00e1zi <a href=\"https:\/\/www.ebsco.com\/\" target=\"_blank\" rel=\"noopener noreferrer\">EBSCO Publishing<\/a>.<\/p>\n\n\n<h3>Redakce<\/h3>\n\n\n<p align=\"left\">\u0160\u00e9fredaktor: Prof. ThDr. Jan Blahoslav L\u00e1\u0161ek, Dr. h. c.<br>Z\u00e1stupce \u0161\u00e9fredaktora: doc. ThDr. Kamila Veverkov\u00e1, Ph.D.<br>Odpov\u011bdn\u00fd tajemn\u00edk redakce: ThDr. Marketa Langer, Ph.D.<\/p>\n\n\n<h3>Redak\u010dn\u00ed rada<\/h3>\n\n\n<p align=\"left\">prof. PhDr. Alexander Kolesnyk, DrSc. (Berlin)<br \/>prof. ThDr. Jan Blahoslav L\u00e1\u0161ek, Dr. h. c. (UK HTF)<br \/>prof. ThDr. Karel Skalick\u00fd, Th.D. (J\u010cU TF)<br \/>prof. zw. Dr. hab. Czeslaw Glombik (Slezsk\u00e1 univerzita Katowice)<br \/>prof. Dr. Peter K\u00f3nya, PhD., Dr.h.c. (Pre\u0161ovsk\u00e1 universita v Pre\u0161ov\u011b, Pre\u0161ov)<br \/>doc. Dr. Olexandr Bilash PhD (U\u017ehorod State University, U\u017ehorod)<br \/>doc. ThDr. Ji\u0159\u00ed Vogel, CSc. (UK HTF)<br \/>doc. ThDr. Kamila Veverkov\u00e1, ThD. (UK HTF)<br \/>doc. PhDr. Bed\u0159ich Nosek, CSc. (UK HTF)<br \/>doc. PhDr. Pavel Bo\u010dek, CSc. (MU FF)<br \/>ThDr. Petr \u0160andera, Th.D. (C\u010cSH)<br \/>PhDr. Ji\u0159\u00ed Bene\u0161, (FL\u00da AV \u010cR, v. v. i.)<br \/>Dr. Peter W\u00f6rster (Herder-Institut, Marburg n\/L.)<br \/>\u2020 prof. Dr. Thomas Kothmann (Universit\u00e4t Regensburg)<br \/>\u2020 Dr. Theol. Wolfgang Stingl (Institut f\u00fcr Kirchengeschichte von B\u00f6hmen, M\u00e4hren und Schlesien, Nidda (SRN)<br \/>\u2020 prof. Hans-Dieter D\u00f6pmann (Berlin)<\/p>\n\n\n<h3>Typografie a design<\/h3>\n\n\n<p>Typografie a desing: ThDr. Marketa Langer, Ph.D.<br>Ob\u00e1lka: Josef Karhan<br>Tisk: PBtisk a.s.<br>ISSN 1211 7617<\/p>","protected":false},"excerpt":{"rendered":"<p>THEOLOGICK\u00c1 REVUE vy\u0161la poprv\u00e9 v&nbsp;roce 1929, kdy byla vyd\u00e1na \u00fast\u0159ed\u00edm c\u00edrkve \u010deskoslovensk\u00e9 pod p\u016fvodn\u00edm n\u00e1zvem N\u00c1BO\u017dENSK\u00c1 REVUE \u010cESKOSLOVENSK\u00c9 C\u00cdRKVE a role \u0161\u00e9fredaktora se ujal profesor novoz\u00e1konn\u00ed v\u011bdy PhDr. et ThDr. Franti\u0161ek Kov\u00e1\u0159. V&nbsp;\u00favodu prvn\u00edho \u010d\u00edsla lze, mimo jin\u00e9, \u010d\u00edst: \u201ePrvn\u00ed valn\u00fd sjezd deleg\u00e1t\u016f \u010deskoslovensk\u00e9 c\u00edrkve, konan\u00fd v&nbsp;prv\u00e9m v\u00fdro\u010d\u00ed zalo\u017een\u00ed c\u00edrkve 8. a 9. ledna 1921 <a class=\"read-more\" href=\"https:\/\/www.theologicka-revue.cz\/\">Read More<\/a><\/p>\n","protected":false},"author":1,"featured_media":0,"parent":0,"menu_order":0,"comment_status":"closed","ping_status":"closed","template":"","meta":[],"_links":{"self":[{"href":"https:\/\/www.theologicka-revue.cz\/index.php\/wp-json\/wp\/v2\/pages\/86"}],"collection":[{"href":"https:\/\/www.theologicka-revue.cz\/index.php\/wp-json\/wp\/v2\/pages"}],"about":[{"href":"https:\/\/www.theologicka-revue.cz\/index.php\/wp-json\/wp\/v2\/types\/page"}],"author":[{"embeddable":true,"href":"https:\/\/www.theologicka-revue.cz\/index.php\/wp-json\/wp\/v2\/users\/1"}],"replies":[{"embeddable":true,"href":"https:\/\/www.theologicka-revue.cz\/index.php\/wp-json\/wp\/v2\/comments?post=86"}],"version-history":[{"count":8,"href":"https:\/\/www.theologicka-revue.cz\/index.php\/wp-json\/wp\/v2\/pages\/86\/revisions"}],"predecessor-version":[{"id":379,"href":"https:\/\/www.theologicka-revue.cz\/index.php\/wp-json\/wp\/v2\/pages\/86\/revisions\/379"}],"wp:attachment":[{"href":"https:\/\/www.theologicka-revue.cz\/index.php\/wp-json\/wp\/v2\/media?parent=86"}],"curies":[{"name":"wp","href":"https:\/\/api.w.org\/{rel}","templated":true}]}}

O časopisu

<figure class="wp-block-image alignwide size-large is-style-default"><img loading="lazy" width="1024" height="273" src="https://www.theologicka-revue.cz/wp-content/uploads/2021/03/banner-wordpress-dotextu-1024x273.jpg" alt="" class="wp-image-155" srcset="https://www.theologicka-revue.cz/wp-content/uploads/2021/03/banner-wordpress-dotextu-1024x273.jpg 1024w, https://www.theologicka-revue.cz/wp-content/uploads/2021/03/banner-wordpress-dotextu-300x80.jpg 300w, https://www.theologicka-revue.cz/wp-content/uploads/2021/03/banner-wordpress-dotextu-768x205.jpg 768w, https://www.theologicka-revue.cz/wp-content/uploads/2021/03/banner-wordpress-dotextu-1536x410.jpg 1536w, https://www.theologicka-revue.cz/wp-content/uploads/2021/03/banner-wordpress-dotextu.jpg 1750w" sizes="(max-width: 1024px) 100vw, 1024px" /></figure>


<p align="justify"><strong>THEOLOGICKÁ REVUE</strong> vyšla poprvé v&nbsp;roce 1929, kdy byla vydána ústředím církve československé pod původním názvem NÁBOŽENSKÁ REVUE ČESKOSLOVENSKÉ CÍRKVE a role šéfredaktora se ujal profesor novozákonní vědy PhDr. et ThDr. František Kovář. V&nbsp;úvodu prvního čísla lze, mimo jiné, číst:</p>
<p><em>„První valný sjezd delegátů československé církve, konaný v&nbsp;prvém výročí založení církve 8. a 9. ledna 1921 v&nbsp;Praze, se usnesl také, aby byla vydávána náboženská revue, dále aby byla vydávána knihovna náboženských a theologických spisů a konečně, aby bylo upraveno theologické studium naší církve. </em></p>
<p><em>…Úkolem revue jest, uveřejňovati odborné články o otázkách, důležitých pro vnitřní vývoj, ideovou a myšlenkovou práci církve a tím i pro poslání církve v&nbsp;našem národě: budovati život v&nbsp;československém národě, soukromý i veřejný, na náboženském základě a tvořiti náboženskou kulturu československou. </em></p>
<p><em>…Je také důležito a pro myšlenkovou tvorbu náboženskou nutno, znáti, co se píše a tiskne, tvorbu náboženskou, filosofickou, vědeckou, uměleckou, pokud má význam pro naše dílo a zaujímati k&nbsp;ní stanovisko. I to chce revue činiti.“</em></p>
<p>(V Praze v&nbsp;dubnu 1929. Redakce.)</p>
<p>Takto nastavenou linii časopis pěstuje v&nbsp;celé historii svého vydávání. Je pochopitelné, že se tato linie během času upřesňovala. Název revue se v&nbsp;průběhu dvacátého století dvakrát změnil. Poprvé v&nbsp;roce 1968, kdy byla vydávána pod názvem THEOLOGICKÁ REVUE CČS(H). V&nbsp;roce 1991 převzala její vydávání Husitská teologická fakulta Univerzity Karlovy v&nbsp;Praze a název revue se změnil podruhé. Stala se akademickým časopisem, má ale široký přesah směrem k&nbsp;aplikované vědě. Časopis naleznete pod zkráceným názvem THEOLOGICKÁ REVUE. Je aktuální a živě reaguje na&nbsp;potřeby současné vědy a společnosti.</p>
<p><strong>THEOLOGICKÁ REVUE</strong> vychází čtyřikrát ročně. Je zařazena do <a href="https://www.vyzkum.cz/FrontClanek.aspx?idsekce=733439&amp;ad=1&amp;attid=777592" target="_blank" rel="noopener noreferrer">Seznamu recenzovaných neimpaktovaných periodik</a> vydávaných v&nbsp;České republice a od roku 2019 je zařazena v databázi <a href="https://www.ebsco.com/" target="_blank" rel="noopener noreferrer">EBSCO Publishing</a>.</p>


<h3>Redakce</h3>


<p align="left">Šéfredaktor: Prof. ThDr. Jan Blahoslav Lášek, Dr. h. c.<br>Zástupce šéfredaktora: doc. ThDr. Kamila Veverková, Ph.D.<br>Odpovědný tajemník redakce: ThDr. Marketa Langer, Ph.D.</p>


<h3>Redakční rada</h3>


<p align="left">prof. PhDr. Alexander Kolesnyk, DrSc. (Berlin)<br />prof. ThDr. Jan Blahoslav Lášek, Dr. h. c. (UK HTF)<br />prof. ThDr. Karel Skalický, Th.D. (JČU TF)<br />prof. zw. Dr. hab. Czeslaw Glombik (Slezská univerzita Katowice)<br />prof. Dr. Peter Kónya, PhD., Dr.h.c. (Prešovská universita v Prešově, Prešov)<br />doc. Dr. Olexandr Bilash PhD (Užhorod State University, Užhorod)<br />doc. ThDr. Jiří Vogel, CSc. (UK HTF)<br />doc. ThDr. Kamila Veverková, ThD. (UK HTF)<br />doc. PhDr. Bedřich Nosek, CSc. (UK HTF)<br />doc. PhDr. Pavel Boček, CSc. (MU FF)<br />ThDr. Petr Šandera, Th.D. (CČSH)<br />PhDr. Jiří Beneš, (FLÚ AV ČR, v. v. i.)<br />Dr. Peter Wörster (Herder-Institut, Marburg n/L.)<br />† prof. Dr. Thomas Kothmann (Universität Regensburg)<br />† Dr. Theol. Wolfgang Stingl (Institut für Kirchengeschichte von Böhmen, Mähren und Schlesien, Nidda (SRN)<br />† prof. Hans-Dieter Döpmann (Berlin)</p>


<h3>Typografie a design</h3>


<p>Typografie a desing: ThDr. Marketa Langer, Ph.D.<br>Obálka: Josef Karhan<br>Tisk: PBtisk a.s.<br>ISSN 1211 7617</p>

<p>THEOLOGICKÁ REVUE vyšla poprvé v&nbsp;roce 1929, kdy byla vydána ústředím církve československé pod původním názvem NÁBOŽENSKÁ REVUE ČESKOSLOVENSKÉ CÍRKVE a role šéfredaktora se ujal profesor novozákonní vědy PhDr. et ThDr. František Kovář. V&nbsp;úvodu prvního čísla lze, mimo jiné, číst: „První valný sjezd delegátů československé církve, konaný v&nbsp;prvém výročí založení církve 8. a 9. ledna 1921 <a class="read-more" href="https://www.theologicka-revue.cz/">Read More</a></p>
